{"id":837,"date":"2026-04-10T20:34:59","date_gmt":"2026-04-10T18:34:59","guid":{"rendered":"https:\/\/vlcicei.ymca-jh.cz\/?page_id=837"},"modified":"2026-04-10T20:34:59","modified_gmt":"2026-04-10T18:34:59","slug":"podzimni-putak-2026","status":"publish","type":"page","link":"https:\/\/vlcicei.ymca-jh.cz\/?page_id=837","title":{"rendered":"Podzimn\u00ed pu\u0165\u00e1k 2026"},"content":{"rendered":"\n<div class=\"wp-block-media-text is-stacked-on-mobile\"><figure class=\"wp-block-media-text__media\"><img loading=\"lazy\" decoding=\"async\" width=\"1024\" height=\"768\" src=\"https:\/\/vlcicei.ymca-jh.cz\/wp-content\/uploads\/2026\/04\/Putak-VVVV1-podzim-2025-4-1024x768.jpg\" alt=\"\" class=\"wp-image-841 size-full\" srcset=\"https:\/\/vlcicei.ymca-jh.cz\/wp-content\/uploads\/2026\/04\/Putak-VVVV1-podzim-2025-4-1024x768.jpg 1024w, https:\/\/vlcicei.ymca-jh.cz\/wp-content\/uploads\/2026\/04\/Putak-VVVV1-podzim-2025-4-300x225.jpg 300w, https:\/\/vlcicei.ymca-jh.cz\/wp-content\/uploads\/2026\/04\/Putak-VVVV1-podzim-2025-4-768x576.jpg 768w, https:\/\/vlcicei.ymca-jh.cz\/wp-content\/uploads\/2026\/04\/Putak-VVVV1-podzim-2025-4-1536x1152.jpg 1536w, https:\/\/vlcicei.ymca-jh.cz\/wp-content\/uploads\/2026\/04\/Putak-VVVV1-podzim-2025-4.jpg 2048w\" sizes=\"auto, (max-width: 1024px) 100vw, 1024px\" \/><\/figure><div class=\"wp-block-media-text__content\">\n<p>Koncem z\u00e1\u0159\u00ed se na\u0161e banda vydala na prvn\u00ed ro\u010dn\u00edk tradi\u010dn\u00edho pu\u0165\u00e1ku! <br>B\u011bhem v\u00edkendu jsme nachodili asi 30km v bl\u00edzkosti Vl\u010dick\u00fdch les\u016f a vzhledem k tomu, \u017ee jsme se na kr\u00e1tk\u00fd moment pod\u00edvali i do zahrani\u010d\u00ed, tak se jednalo vpodstat\u011b o mezin\u00e1rodn\u00ed expedici. <\/p>\n<\/div><\/div>\n\n\n\n<div class=\"wp-block-media-text has-media-on-the-right is-stacked-on-mobile\"><div class=\"wp-block-media-text__content\">\n<p>Prvn\u00edho ve\u010dera jsme se ut\u00e1bo\u0159ili v \u00datuln\u011b u rybn\u00edka Velk\u00fd Prudn\u00fd, kde jsme tak\u00e9 prov\u011b\u0159ili kulin\u00e1\u0159sk\u00e9 dovednosti va\u0159en\u00edm gul\u00e1\u0161ku v kotl\u00edku na ohni.<\/p>\n<\/div><figure class=\"wp-block-media-text__media\"><img loading=\"lazy\" decoding=\"async\" width=\"1024\" height=\"768\" src=\"https:\/\/vlcicei.ymca-jh.cz\/wp-content\/uploads\/2026\/04\/Putak-VVVV1-podzim-2025-1-1024x768.jpg\" alt=\"\" class=\"wp-image-840 size-full\" srcset=\"https:\/\/vlcicei.ymca-jh.cz\/wp-content\/uploads\/2026\/04\/Putak-VVVV1-podzim-2025-1-1024x768.jpg 1024w, https:\/\/vlcicei.ymca-jh.cz\/wp-content\/uploads\/2026\/04\/Putak-VVVV1-podzim-2025-1-300x225.jpg 300w, https:\/\/vlcicei.ymca-jh.cz\/wp-content\/uploads\/2026\/04\/Putak-VVVV1-podzim-2025-1-768x576.jpg 768w, https:\/\/vlcicei.ymca-jh.cz\/wp-content\/uploads\/2026\/04\/Putak-VVVV1-podzim-2025-1-1536x1152.jpg 1536w, https:\/\/vlcicei.ymca-jh.cz\/wp-content\/uploads\/2026\/04\/Putak-VVVV1-podzim-2025-1-2048x1536.jpg 2048w\" sizes=\"auto, (max-width: 1024px) 100vw, 1024px\" \/><\/figure><\/div>\n\n\n\n<div class=\"wp-block-media-text is-stacked-on-mobile\"><figure class=\"wp-block-media-text__media\"><img loading=\"lazy\" decoding=\"async\" width=\"1024\" height=\"768\" src=\"https:\/\/vlcicei.ymca-jh.cz\/wp-content\/uploads\/2026\/04\/Putak-VVVV1-podzim-2025-2-1024x768.jpg\" alt=\"\" class=\"wp-image-838 size-full\" srcset=\"https:\/\/vlcicei.ymca-jh.cz\/wp-content\/uploads\/2026\/04\/Putak-VVVV1-podzim-2025-2-1024x768.jpg 1024w, https:\/\/vlcicei.ymca-jh.cz\/wp-content\/uploads\/2026\/04\/Putak-VVVV1-podzim-2025-2-300x225.jpg 300w, https:\/\/vlcicei.ymca-jh.cz\/wp-content\/uploads\/2026\/04\/Putak-VVVV1-podzim-2025-2-768x576.jpg 768w, https:\/\/vlcicei.ymca-jh.cz\/wp-content\/uploads\/2026\/04\/Putak-VVVV1-podzim-2025-2-1536x1152.jpg 1536w, https:\/\/vlcicei.ymca-jh.cz\/wp-content\/uploads\/2026\/04\/Putak-VVVV1-podzim-2025-2-2048x1536.jpg 2048w\" sizes=\"auto, (max-width: 1024px) 100vw, 1024px\" \/><\/figure><div class=\"wp-block-media-text__content\">\n<p>Po klidn\u00e9 noci pod p\u0159\u00edst\u0159e\u0161kem jsme se vydali malebn\u00fdm t\u0159ebo\u0148sk\u00fdm CHKO\u010dkem, abychom se ut\u00e1bo\u0159ili u kn\u011b\u017esk\u00e9 sk\u00e1ly, kter\u00e1 se nach\u00e1z\u00ed co by kamenem dohodil (a zbytek do\u0161el) od Vl\u010dice. Kyt\u00e1rku, kterou jsme na st\u0159\u00edda\u010dku celou cestu nesli v rukou jsme rozezn\u011bli u ohn\u00ed\u010dku a dokonce jsme m\u011bli i improvizovan\u00fd duch\u00e1\u010d. <\/p>\n<\/div><\/div>\n\n\n\n<div class=\"wp-block-media-text has-media-on-the-right is-stacked-on-mobile\"><div class=\"wp-block-media-text__content\">\n<p>Vzhledem k velice p\u0159\u00edzniv\u00fdm podzimn\u00edm teplot\u00e1m jsme ve\u010der ani nestav\u011bli p\u0159\u00edst\u0159e\u0161ek z tarp\u00edk\u016f a ustlali jsme si pod hv\u011bzdami. <br><br>Prvn\u00ed pu\u0165\u00e1\u010dek se n\u00e1m tedy zada\u0159il, u\u017eili jsme si spoustu legrace, pohody i p\u0159\u00edrody a na ja\u0159e jdeme znovu!<\/p>\n<\/div><figure class=\"wp-block-media-text__media\"><img loading=\"lazy\" decoding=\"async\" width=\"1024\" height=\"768\" src=\"https:\/\/vlcicei.ymca-jh.cz\/wp-content\/uploads\/2026\/04\/Putak-VVVV1-podzim-2025-3-1024x768.jpg\" alt=\"\" class=\"wp-image-839 size-full\" srcset=\"https:\/\/vlcicei.ymca-jh.cz\/wp-content\/uploads\/2026\/04\/Putak-VVVV1-podzim-2025-3-1024x768.jpg 1024w, https:\/\/vlcicei.ymca-jh.cz\/wp-content\/uploads\/2026\/04\/Putak-VVVV1-podzim-2025-3-300x225.jpg 300w, https:\/\/vlcicei.ymca-jh.cz\/wp-content\/uploads\/2026\/04\/Putak-VVVV1-podzim-2025-3-768x576.jpg 768w, https:\/\/vlcicei.ymca-jh.cz\/wp-content\/uploads\/2026\/04\/Putak-VVVV1-podzim-2025-3-1536x1152.jpg 1536w, https:\/\/vlcicei.ymca-jh.cz\/wp-content\/uploads\/2026\/04\/Putak-VVVV1-podzim-2025-3-2048x1536.jpg 2048w\" sizes=\"auto, (max-width: 1024px) 100vw, 1024px\" \/><\/figure><\/div>\n","protected":false},"excerpt":{"rendered":"<p>Koncem z\u00e1\u0159\u00ed se na\u0161e banda vydala na prvn\u00ed ro\u010dn\u00edk tradi\u010dn\u00edho pu\u0165\u00e1ku! B\u011bhem v\u00edkendu jsme nachodili asi 30km v bl\u00edzkosti Vl\u010dick\u00fdch les\u016f a vzhledem k tomu, \u017ee jsme se na kr\u00e1tk\u00fd moment pod\u00edvali i do zahrani\u010d\u00ed, tak se jednalo vpodstat\u011b o mezin\u00e1rodn\u00ed expedici. Prvn\u00edho ve\u010dera jsme se ut\u00e1bo\u0159ili v \u00datuln\u011b u rybn\u00edka Velk\u00fd Prudn\u00fd, kde jsme [&hellip;]<\/p>\n","protected":false},"author":4,"featured_media":0,"parent":0,"menu_order":0,"comment_status":"closed","ping_status":"closed","template":"","meta":{"footnotes":""},"class_list":["post-837","page","type-page","status-publish","hentry"],"_links":{"self":[{"href":"https:\/\/vlcicei.ymca-jh.cz\/index.php?rest_route=\/wp\/v2\/pages\/837","targetHints":{"allow":["GET"]}}],"collection":[{"href":"https:\/\/vlcicei.ymca-jh.cz\/index.php?rest_route=\/wp\/v2\/pages"}],"about":[{"href":"https:\/\/vlcicei.ymca-jh.cz\/index.php?rest_route=\/wp\/v2\/types\/page"}],"author":[{"embeddable":true,"href":"https:\/\/vlcicei.ymca-jh.cz\/index.php?rest_route=\/wp\/v2\/users\/4"}],"replies":[{"embeddable":true,"href":"https:\/\/vlcicei.ymca-jh.cz\/index.php?rest_route=%2Fwp%2Fv2%2Fcomments&post=837"}],"version-history":[{"count":1,"href":"https:\/\/vlcicei.ymca-jh.cz\/index.php?rest_route=\/wp\/v2\/pages\/837\/revisions"}],"predecessor-version":[{"id":842,"href":"https:\/\/vlcicei.ymca-jh.cz\/index.php?rest_route=\/wp\/v2\/pages\/837\/revisions\/842"}],"wp:attachment":[{"href":"https:\/\/vlcicei.ymca-jh.cz\/index.php?rest_route=%2Fwp%2Fv2%2Fmedia&parent=837"}],"curies":[{"name":"wp","href":"https:\/\/api.w.org\/{rel}","templated":true}]}}